 + k**2/2 - 5*k. Give j(x).
1
Suppose 0 = -9*n + 14*n + 5. Let x(i) = -3*i + 1. Determine x(n).
4
Let u(z) = 2*z**3 - z**2 + z - 1. Let o = -20 - -21. Give u(o).
1
Suppose 3*y = y - 8. Let u(o) = -4*o - 4. Suppose b - 2 - 1 = 0. Let z(l) = -5*l - 5. Let v(m) = b*z(m) + y*u(m). Calculate v(-6).
-5
Let j(s) be the first derivative of -s**6/120 - s**5/15 + s**4/6 - s**3/3 - 3*s**2/2 + 4. Let p(i) be the second derivative of j(i). What is p(-4)?
-18
Let t(z) = -z**3 + 3*z**2 + 3*z + 1. Let u be 3/3 + 3 - 2. Suppose 4*w - 3*s - 5 - u = 0, w + s = 7. What is t(w)?
-3
Let b be (-2)/(-7) - 38/(-14). Let q = -15 + 9. Let x(g) = -g**2 + 1. Let c(t) = -t**3 + 9*t**2 + t - 10. Let k(o) = q*x(o) - c(o). Determine k(b).
1
Let k(i) = -2*i - i - 6 - 6*i**2 + i - i**3. Give k(-6).
6
Suppose 5*a - 10 = 5*l - 0*a, -2 = -2*a. Let q(r) = -r**2 - r. What is q(l)?
0
Let o(u) be the second derivative of -5*u**4/12 - u**3/3 + u**2/2 + 2*u. Calculate o(1).
-6
Let p(j) = 2 + 0*j**3 - 82*j + 4*j**2 + 85*j + 3*j**3. Give p(-2).
-12
Let z be 3/(-2) + 4/8. Let u(c) = 4*c**3 + 5*c + 3. Let m(t) = 2*t**3 + 3*t + 2. Let x(g) = 5*m(g) - 3*u(g). Determine x(z).
3
Let f(l) be the third derivative of 1/6*l**3 + 0*l + 2*l**2 + 0 + 1/360*l**6 + 1/60*l**5 - 1/6*l**4. Let a(q) be the first derivative of f(q). Determine a(-4).
4
Let q(u) = 3*u - 5. Let o be (-75)/(-10) - 12/8. What is q(o)?
13
Let b be 3*16/6 - 2. Let i(k) = k**3 - 5*k**2 - 9*k + 2. Determine i(b).
-16
Let v(p) = 5*p + 574*p**2 - 3 + 7 - 573*p**2. Let q(h) = -2*h + 10. Let w be q(7). Let y be v(w). Let k(g) = g. Calculate k(y).
0
Let i = 7 - 5. Suppose -2*d + 4*q + 8 = 0, 5*d + 2*q = d + 6. Let n(k) = -d + 2*k**2 - k**3 + 4 - 2*k - 1. Give n(i).
-3
Let t(s) be the first derivative of -s**4/2 + 2*s**3/3 + s**2/2 - s - 1. Let f(c) = c**2 + 16*c + 2. Let n be f(-16). Calculate t(n).
-7
Suppose s + 3 = 2*s. Let b(m) = m + 4*m**3 - 3*m**2 - m**3 - 2*m**3 + m. Give b(s).
6
Let m(y) = -24*y + 1 - 15*y + 40*y. Calculate m(7).
8
Let t(j) be the first derivative of -j**3/3 - j**2/2 - 7*j - 30. Calculate t(0).
-7
Let b(a) = -5*a + a**2 - 2*a**2 + 4 + a + 3*a. Calculate b(-3).
-2
Suppose -5*z - 5*g = -90 + 15, -4*z + 52 = -4*g. Let s(c) = c**2 + 0*c**2 - 7 + 8*c + z. Give s(-5).
-8
Let j be (-2)/(-1 - 1) - -8. Suppose j = 4*l - 3. Let y(d) be the first derivative of -d**3/3 + d**2 - 2*d - 1. What is y(l)?
-5
Let d(s) = s**2 + 2*s - 12. Let z be d(-5). Let o(n) = n. Give o(z).
3
Suppose -l + 28 = -4*l + 4*q, 5*l + 41 = q. Let d(c) = c + 14. What is d(l)?
6
Let r(m) = -2*m + 6. Let w be r(5). Let l(c) = 4 - 23 + 4 - c**2 + 12 - 5*c + 4. Calculate l(w).
5
Suppose 3*a - 5*m = 9, 4*m - 3 = 5*m. Let d(j) = j**2 + 2 - 4*j**2 + j**3 - 2*j**3. Give d(a).
-2
Let l(b) = -2*b + 2. Suppose -4*a - 6 = -6*a. Determine l(a).
-4
Let f(v) = v + 5. Let g be -4*(-1)/(-2) + 3. Let u be 2 - ((2 - g) + 1). What is f(u)?
5
Let i be ((-12)/(-15))/(10/(-75)). Let j(k) = -2*k - 8. Determine j(i).
4
Let h be 2/7 - 32/14. Let z(u) = 2*u**2 - u - 1. What is z(h)?
9
Let k(j) = -j + 1. Let q(y) = 4*y + 4. Let s be (-1)/(3/9*3). Let f(a) = s*k(a) + q(a). What is f(-2)?
-7
Let w(a) = a**3 - a**2 + 1. Let x(i) = i**2 + i + 2. Let c be x(-2). Suppose -5*u = c*v - 4, -5*u + 1 = 5*v - 4*v. Determine w(v).
1
Let d(y) = y**3 + 532*y**2 - 1 + 3*y + 3*y - 538*y**2. Give d(5).
4
Let i(m) = 3*m - 15. Let v be i(7). Let z(a) = a - 6. Give z(v).
0
Let v(x) = 13*x - 7. Let j(o) = 3*o - 2. Let f(m) = -9*j(m) + 2*v(m). Let a be f(8). Let q be ((-12)/15)/(a/20). Let t(g) = g**3 - 4*g**2 - 2*g + 5. Give t(q).
-3
Suppose 16*p + 5 = -11. Let i(f) = 3*f**3 - f**2 - 2*f - 1. Give i(p).
-3
Let r(p) = 2*p**2 - 1. Let i(w) = w**3 - 10*w**2 + 10*w - 8. Suppose 3*j = j + 18. Let k be i(j). Give r(k).
1
Suppose a + 0*a = 0. Suppose -9 = -2*i - 3*k + 1, a = 4*i + 3*k - 8. Let p(l) = 10*l**2 - l. What is p(i)?
11
Let c(a) be the second derivative of a**5/20 - a**4/4 - 7*a**3/6 + 5*a**2/2 + 15*a. Give c(5).
20
Let p(v) = -5*v + 1. Let g(q) be the second derivative of -7*q**3/3 + 3*q**2/2 - 4*q. Let s(h) = -4*g(h) + 11*p(h). Calculate s(-4).
-5
Let z(o) = 6*o + 7. Let j(a) = -5*a - 6. Let i(t) = 7*j(t) + 6*z(t). Let n(s) = -1. Let x(g) = 2*i(g) - 2*n(g). Give x(2).
6
Let m be 5*-1*9/(-15). Let s(d) = m*d**2 + 4*d - 1 - 3*d - d**3 - 2*d**2. Let c be 1 + ((-4)/(-2))/(-2). What is s(c)?
-1
Let h(g) be the third derivative of -g**5/60 - g**4/4 + 7*g**3/6 + 2*g**2. Suppose 4*k = -21 + 1. What is h(k)?
12
Let z(w) be the second derivative of w**4/12 - 5*w**3/6 + w**2/2 + 33*w. What is z(6)?
7
Let c(a) be the second derivative of -a**4/12 + 5*a**3/3 - 8*a**2 + 8*a. Let g be c(7). Let r(z) = z**3 - 5*z**2 - 6. Calculate r(g).
-6
Let w(o) = 16*o + 18*o + 7*o**3 - 44*o - 1 + 8*o. What is w(-1)?
-6
Let f(w) be the second derivative of -2*w**2 + 0 - 1/12*w**4 + 4*w + 4/3*w**3. Determine f(5).
11
Let a(k) = -7*k + 3. Let t(i) = -i**2 - 10*i - 14. Let w be t(-8). What is a(w)?
-11
Let y = 6 - 6. Let a(u) = u + 4. Let z be a(y). Let b(g) = -g**3 + 4*g**2 + 2*g - 2. Calculate b(z).
6
Let u(z) = 10*z**2 + 2*z + 1. Let q = 5 - 3. Suppose 3*f + 3 = -2*s, -6*s = -2*s - q*f + 30. Let k = 5 + s. Give u(k).
9
Let k be (4/(-6))/(12/(-18)). Suppose 3 = s - 4*r + r, r - k = s. Let g(j) be the second derivative of j**4/12 + j**3/6 + 2*j. Give g(s).
6
Suppose -r - 2*r = 0. Suppose x = -r*x + 5. Let u(y) = 0*y - 3 + x*y**2 - y**3 + 5*y + 8. Determine u(6).
-1
Let z(w) = w**2 - 4. Let x be z(-3). Let y(v) = -v**2 + 4*v - 1. Determine y(x).
-6
Let y = 9 - 7. Let w be (0/y - 7)/1. Let z(r) = -r - 2. Determine z(w).
5
Let k(z) = -4*z**2 + 1. Let n be k(1). Let b be ((3 - 0) + n)/(-3). Let r(o) be the third derivative of -o**4/24 - 5*o**3/6 + o**2. Calculate r(b).
-5
Let q be 8/(-36) - (-86)/(-18). Let h(t) = -t**3 + 2 + 4 - 5*t**2 - 3*t - 4 + 5*t. What is h(q)?
-8
Let h(r) = -r**2 + 6*r - 4. Suppose 4*w = j - 9, 0 = 3*j + w + 4*w + 58. Let f = -6 - j. Suppose 0 = -f*m + 2*z + 27, -2*z - 2*z = 2*m - 6. Calculate h(m).
1
Let y(h) = -h**2 - 3*h + 3. Suppose -478 - 137 = -5*p. Let n be 6/9 + p/(-9). Let a = -18 - n. Give y(a).
-7
Let b be (1*(-3)/6)/(3/(-12)). Let u(l) be the second derivative of 1/3*l**4 + 0 + 3*l + 1/2*l**b + 1/3*l**3. Give u(-1).
3
Let l(k) = -5*k + 1. Let v(i) = i**3 - 9*i**2 - 9*i - 11. Let j be 0/(-2 - (3 - 4)). Let h(w) = w + 10. Let y be h(j). Let a be v(y). Give l(a).
6
Let f(i) = 3*i**2 + 1. Let l(z) = -z**3 - 9*z**2 - z - 10. Suppose c - 2*r + 0*r + 7 = 0, 5*r - 4 = c. Let d be l(c). Give f(d).
4
Let q = -59 + 70. Let s(g) = g**2 - 9*g - 14. Determine s(q).
8
Suppose -9 = d - 4*d. Let j(k) be the first derivative of -k**4/4 + 5*k**3/3 - 2*k**2 - 3. What is j(d)?
6
Suppose 16 = -3*f + 7*f. Suppose 2*y + 6 = f*y. Let t(q) = -3*q + 4. What is t(y)?
-5
Let a(u) be the second derivative of -u**3/6 - 5*u**2 - 14*u. Calculate a(0).
-10
Let i(a) = a**2 + 3*a - 5. Suppose 5*m + 3 - 13 = 0. Let k be (-2 - 1) + m/(-2). Determine i(k).
-1
Let b(m) = -2*m - 6. Suppose t + 2 = -3. Give b(t).
4
Let m(h) be the second derivative of -h**6/720 - h**4/2 - 3*h. Let r(z) be the third derivative of m(z). Determine r(2).
-2
Let s(j) = -j**3 + 3*j**2 + j + 1. Let i = 8 - 4. Let u = -4 + i. Suppose u = 3*c - 12 + 3. What is s(c)?
4
Let z(n) = 3*n**3 + 7*n**2 + 7*n + 1. Let i(m) = -4*m**3 - 7*m**2 - 8*m - 2. Let o(x) = 2*i(x) + 3*z(x). Let g be (-18 - -22)/(6/(-9)). Calculate o(g).
5
Let q(d) = 2*d**3 - 2*d**2 - d - 1. Let r be q(2). Let n(g) = 5 - 24*g**3 + 5*g**2 + 7*g**3 + 16*g**3. Determine n(r).
5
Let j(o) = 4*o + 5. Let p(b) = 2*b + 2. Let v(f) = -4*j(f) + 10*p(f). Let c(i) = i**2 - 3*i. Let g(r) = 5*c(r) + 4*v(r). What is g(-1)?
4
Let j(b) = 12*b**3 - 2*b**2 + b. Let f = 6 - 6. Suppose -5*p + 0*p + 5 = f. Give j(p).
11
Let q(g) be the third derivative of -g**5/20 - g**4/12 + 5*g**2 + g. Calculate q(2).
-16
Let q(f) = -6*f**2 + 2*f - 1. Let l be (-15)/(-12) - (-8)/(-32). Determine q(l).
-5
Suppose -2*q = 2*q - 16. Suppose -l + 2*u + 3*u - 39 = 0, 4*l + q*u = -36. Let r(n) = -n. Let d(z) = -9*z. Let s(v) = l*r(v) + 2*d(v). Calculate s(1).
-4
Let i be 5*(18/(-10))/(-3). Let w(h) = -h + 4. Let n be w(2). Let z(o) = -3*o**3 + 4*o + 2*o**3 + 2*o**n - 2 + 0*o**2. Give z(i).
1
Suppose g + 4 = 2*g. Suppose -5*c = -5*i - 35, -